s digit of n(d)?
3
Suppose -15599 = -18*l + 6199. What is the hundreds digit of l?
2
Let r(z) = 5*z**2 + 42*z - 8. What is the tens digit of r(-15)?
8
Let x = 66 - 64. What is the units digit of -5 + x + 0 + 1 + 36?
4
Suppose -g = -3*g + 6. Suppose -4*b + 33 = -g*j, 3*j + 44 - 5 = 5*b. What is the units digit of b?
6
Let g = 18 - 13. Suppose 0 = 3*p - 2*x + 7, 0*p - g*x = 2*p + 11. What is the units digit of p/(9/(-60)) - -1?
1
Let h = 4 + -2. Suppose -4*o + 5*s + 205 + 174 = 0, -4*s = h*o - 170. What is the tens digit of o?
9
Suppose 25528 + 2514 = 14*d. What is the units digit of d?
3
Let z = 156 + -44. What is the units digit of z?
2
Suppose -8*q + 5*q + 18 = 0. What is the units digit of -11*(q/(-8) - 1/4)?
1
Let d = 598 - -361. What is the tens digit of d?
5
What is the hundreds digit of (-6)/24 + 2621/4?
6
Let h be ((-75)/(-6))/(10/(-60)). Let x = h - -250. What is the units digit of x?
5
Let s(n) = n**3 - 6*n**2 + 7*n - 4. Let r be s(4). Let l = r + 11. Suppose l*h - 7 = 35. What is the units digit of h?
4
Suppose 0 = 3*k + 2 - 5. Let q be ((-1 - 0) + 1)/k. Let v = 1 - q. What is the units digit of v?
1
Let w(j) = -j**2 + 7*j - 3. Let u be w(6). What is the units digit of 105 - (2 - u)/(5/(-5))?
4
Let k = 284 + -144. Let z = k - 19. What is the units digit of z?
1
Let r(v) = 21*v**3 - v**2. Let o be r(1). Suppose 4 = n, -2*i + 104 = -3*n + 4*n. Let f = i - o. What is the tens digit of f?
3
Let q = 1120 + -641. What is the tens digit of q?
7
Suppose 4*g - 105 = -25. What is the units digit of 0 + 2 + -2 + g?
0
Let r(o) = -2*o + 12. Let h be r(5). Suppose 3*c + 5*d + 19 = -3, -h*d + 22 = -c. Let i = 16 + c. What is the units digit of i?
2
Let a(s) = 66*s**2 + 26*s - 80. What is the tens digit of a(5)?
0
Let x(v) = -v - 1. Let l be x(-9). Let u = l - 5. Suppose -b - 1 = 3, 2*i + u*b = 42. What is the units digit of i?
7
Let z be 6/45 - 18618/(-90). Let b = -99 + z. What is the tens digit of b?
0
Suppose 2376 = 7*s - 641. What is the tens digit of s?
3
Suppose -q - 3*q + 104 = 0. Suppose 0 = -23*n + q*n - 117. What is the units digit of n?
9
Suppose 2*z = -5*g + 6571 + 3591, 0 = -z + 1. What is the tens digit of g?
3
Let r(v) = v**2 - 3*v + 2. Let z be r(2). Suppose z = -5*b + 2*b - 5*h + 319, 5*b + 5*h = 545. What is the units digit of b?
3
Let l(v) = -v**3 - 12*v**2 + 1. Let b be l(-12). What is the units digit of (b/(1 - -1))/(5/1780)?
8
Let z = -1160 - -2411. What is the thousands digit of z?
1
Suppose 2*p + 14*q - 9*q = 1081, q = -1. What is the hundreds digit of p?
5
Suppose 51*l - 21893 = 37573. What is the thousands digit of l?
1
Suppose 4*b - 4*u = 16, 2*b + u = -b + 16. Let q(l) = -2*l + 2. Let x be q(-6). Suppose 0 = b*p - 4*p - x. What is the tens digit of p?
1
Let c(s) = -s**3 - 23*s**2 - 59*s. What is the units digit of c(-23)?
7
Let y = 48 + -1. What is the units digit of y?
7
Let b(v) = 2*v + 6. Let o be b(-5). Let r be o/(-26) + (-384)/(-208). Suppose 2*u - 3*u = p - 3, r*u - 6 = -p. What is the units digit of u?
3
Let s = -128 + 808. What is the hundreds digit of s?
6
Let v(s) be the second derivative of -119*s**3/6 - 9*s**2/2 - s - 1. What is the tens digit of v(-2)?
2
Let z = -257 - -864. What is the units digit of z?
7
Let q(o) = 10*o**2 + 9*o. What is the tens digit of q(-2)?
2
Suppose -5*u = -v - 23, -5*v - 8 = -4*u + 2. Suppose 5*s + 121 = v*d, 4*s + 146 = 2*d + 48. Let o = 2 - s. What is the units digit of o?
5
Let h(m) = 37*m. Let c(n) = -186*n - 1. Let v(q) = -2*c(q) - 11*h(q). Suppose 2*u - 4 = 6*u. What is the tens digit of v(u)?
3
Suppose -3*p + 389 = -1558. What is the units digit of p?
9
Let s = 66 + 97. What is the hundreds digit of s?
1
Suppose -1255 = -5*m + k, 50*k + 240 = m + 52*k. What is the tens digit of m?
5
Let m be 2/(-7) - (-1 - 46/14). Suppose -4*o = 2*j - 2*o - 150, -222 = -3*j - m*o. What is the tens digit of j?
7
Suppose 0 = -u + 1 - 0. Let z(d) = 126*d**3 - 3*d**2 + d + 1. What is the units digit of z(u)?
5
Suppose h - 474 = 3*s, -4*h + 5*s + 1896 = 7*s. What is the tens digit of h?
7
Suppose 14*z - 3069 = 5*z. What is the tens digit of z?
4
Suppose -4*l + u = 15, 9 + 31 = -4*l - 4*u. What is the tens digit of (l - -6)*(-55)/(-1)?
5
What is the units digit of (18/(-8))/((-1025)/340 + 3)?
3
Suppose 0 = 2*g + 4 + 8. Let f(i) = -22 + 18 - 7*i**2 - 7*i - i**3 + i**2. What is the tens digit of f(g)?
3
Let n be (27/21)/((-6)/21)*6. What is the units digit of 252/n*(-12 + 0)?
2
Let w(f) = f**3 - f - 1. Let n be w(2). Suppose -3*p - 94 = -n*p. Let x = p + -26. What is the units digit of x?
1
Suppose -31789 - 68284 = -23*c. What is the units digit of c?
1
Let p(a) = -a**3 - 8*a**2 - 14*a + 6. Let v be p(-4). Let m be 97/(-1) + 0 - 2. What is the tens digit of (-3388)/m - v/(-9)?
3
Let s(p) = -p**2 + 12*p + 20. Suppose -24 = -3*t + 3*d, -t - d = -4*d. What is the units digit of s(t)?
0
Suppose -1 + 9 = 2*f + 5*j, 3*f + 2*j = 23. Let o(p) = p**3 - 9*p**2 - p + 11. Let q be o(f). Suppose -5*y + 114 = -q*y. What is the tens digit of y?
3
Let i be (-21)/(-4) + (-3)/12. Let r(m) = -m**3 + 5*m**2 + 4*m - 10. Let k be r(i). Suppose 77 = -3*o + k*o. What is the units digit of o?
1
Let n(c) = -c**3 - 12*c**2 - 2*c + 408. What is the tens digit of n(0)?
0
Let c be 1/(-2)*(-6 + 4). Let i be (c + (-5)/2)*16. What is the units digit of (-4)/3*i + -3?
9
Let k = -2087 + 1471. Let t = -414 - k. What is the tens digit of t?
0
Suppose 39*f + h - 16 = 40*f, 0 = -f - h - 10. Let j = -19 + 34. Let b = j - f. What is the units digit of b?
8
Suppose 9*s - 5*s - 4*l - 12360 = 0, -2*s + 5*l = -6189. What is the tens digit of s?
8
Suppose 5*c = -2*g + 100, 210 = 4*g + c + 4*c. Let u be (-1 - g/(-3))*-3. Let k = u - -77. What is the units digit of k?
5
Suppose n = 1 + 4. Suppose n*t - 163 = -3*l - 27, 0 = l + 4*t - 36. What is the units digit of l?
2
Let j = -32 - -43. Suppose -9*n + j*n = 188. What is the tens digit of n?
9
Suppose -2*r + 5*k = -25, 5*r + 3*k + 15 = -0*k. Suppose r = -8*f + 6*f + 268. What is the tens digit of f?
3
Let t be (-2)/6 - (-106)/3. What is the tens digit of (-427)/t*5/(-1)?
6
Suppose 932 = 7*q - 34. Suppose -71 = -r + 4*s - 5*s, 2*r - q = -4*s. What is the units digit of r?
3
Suppose -8*g + n = -7*g - 1348, -4*g = -5*n - 5392. What is the thousands digit of g?
1
Suppose -5*o - 3*x - 3209 = 0, 218 = -2*o + 3*x - 1053. What is the units digit of (0 + 0)*1 - o/8?
0
Let v be ((-2)/2)/(12/(-48)). Suppose v*a - a + 351 = 3*b, 5*b + 2*a = 564. Suppose 4*g - b = g. What is the units digit of g?
8
What is the hundreds digit of 1250/4 + (-27)/(-18)?
3
Let b(m) = 3*m + 76. Let y be b(-25). Let j(r) = 228*r**2 + 4*r - 4. What is the units digit of j(y)?
8
Suppose 0 = -5*r - 10, -4*s - 3*r + 2694 = -2520. What is the units digit of s?
5
Let t(j) = -j**3 + 2*j + 11. Suppose -3*f = 4*d - 3, 2*f + 3 = -5*d + 5. What is the tens digit of t(d)?
1
Let c(n) = -n - 1. Let i(k) = -k**3 + 4*k**2 + 3*k - 2. Let b(q) = -2*c(q) + i(q). Let w be b(4). Let f = w - 5. What is the units digit of f?
5
Suppose -3*h + 9 = -4*h. Let x(v) = 3*v + 9. Let o be x(h). Let n = 2 - o. What is the units digit of n?
0
Suppose 0 = -10*p - 20*p + 37440. What is the units digit of p?
8
What is the tens digit of (18/12)/1*340?
1
What is the tens digit of 365/(-4 + 8 - 3)?
6
Let l(z) = z**3 - 20*z**2 + 56*z + 20. What is the hundreds digit of l(20)?
1
Let x(l) = -7*l**3 - 2*l**2 + 1. Let m be x(1). Let w(z) = -6*z - 4. Let k be w(m). Suppose -3*d + d + k = 0. What is the tens digit of d?
2
Let o = -86 + 99. What is the units digit of o?
3
Suppose 18*p - 993 = 13101. What is the tens digit of p?
8
Let h = 12 + -10. Suppose -4*f + 11 - 241 = -h*k, 0 = -4*f - 20. What is the tens digit of k?
0
Suppose -5*t = 4 - 74. Suppose t*b - 504 = 6*b. What is the tens digit of b?
6
Suppose 2*z = 7*z - 800. Let s(p) = -p**2 - 3*p + 1. Let j be s(-2). Suppose -2*g = j*g - z. What is the units digit of g?
2
Suppose -3*q + 2*d = d - 1535, 4*d + 2052 = 4*q. What is the tens digit of q?
1
What is the units digit of ((-5)/2 - -1) + 319803/242?
0
Suppose 13*h = 627 + 4339. What is the tens digit of h?
8
Suppose -51*i - 1050 = -56*i. Suppose -65*a + 60*a = -i. What is the units digit of a?
2
Let g(l) = -l**2 + 4*l. Let b be g(3). Suppose 5*z - 145 = 5*u + 280, 0 = 